re the prime factors of 8889?
3, 2963
List the prime factors of 558.
2, 3, 31
What are the prime factors of 386?
2, 193
What are the prime factors of 8590?
2, 5, 859
List the prime factors of 338.
2, 13
What are the prime factors of 39012?
2, 3, 3251
List the prime factors of 263.
263
List the prime factors of 36177.
3, 31, 389
List the prime factors of 2380.
2, 5, 7, 17
What are the prime factors of 7303?
67, 109
What are the prime factors of 4373?
4373
What are the prime factors of 605?
5, 11
List the prime factors of 9.
3
List the prime factors of 521.
521
What are the prime factors of 20852?
2, 13, 401
List the prime factors of 22326.
2, 3, 61
What are the prime factors of 3221?
3221
List the prime factors of 25062.
2, 3, 4177
What are the prime factors of 3179?
11, 17
What are the prime factors of 28936?
2, 3617
List the prime factors of 3807.
3, 47
List the prime factors of 357.
3, 7, 17
What are the prime factors of 5562?
2, 3, 103
What are the prime factors of 2458?
2, 1229
List the prime factors of 2745.
3, 5, 61
List the prime factors of 3121.
3121
What are the prime factors of 48609?
3, 11, 491
List the prime factors of 115906.
2, 7, 17, 487
List the prime factors of 27386.
2, 13693
What are the prime factors of 1610?
2, 5, 7, 23
What are the prime factors of 1609?
1609
List the prime factors of 3797.
3797
What are the prime factors of 1788?
2, 3, 149
List the prime factors of 61023.
3, 20341
What are the prime factors of 18812?
2, 4703
What are the prime factors of 1573?
11, 13
List the prime factors of 51947.
7, 41, 181
What are the prime factors of 65?
5, 13
What are the prime factors of 67060?
2, 5, 7, 479
List the prime factors of 725.
5, 29
List the prime factors of 42593.
191, 223
List the prime factors of 14337.
3, 59
List the prime factors of 133267.
71, 1877
What are the prime factors of 2700?
2, 3, 5
List the prime factors of 4827.
3, 1609
List the prime factors of 24989.
24989
What are the prime factors of 2775?
3, 5, 37
List the prime factors of 16769.
41, 409
What are the prime factors of 42242?
2, 21121
What are the prime factors of 60436?
2, 29, 521
List the prime factors of 2361.
3, 787
What are the prime factors of 1340?
2, 5, 67
What are the prime factors of 16297?
43, 379
What are the prime factors of 75654?
2, 3, 467
List the prime factors of 148351.
7, 21193
List the prime factors of 3545.
5, 709
What are the prime factors of 218?
2, 109
What are the prime factors of 6377?
7, 911
List the prime factors of 94943.
19, 263
What are the prime factors of 16390?
2, 5, 11, 149
What are the prime factors of 8478?
2, 3, 157
What are the prime factors of 49039?
19, 29, 89
List the prime factors of 2454.
2, 3, 409
List the prime factors of 4552.
2, 569
What are the prime factors of 85346?
2, 139, 307
List the prime factors of 108.
2, 3
List the prime factors of 2518.
2, 1259
List the prime factors of 4582.
2, 29, 79
List the prime factors of 13483.
97, 139
List the prime factors of 2928.
2, 3, 61
List the prime factors of 132.
2, 3, 11
List the prime factors of 4585.
5, 7, 131
List the prime factors of 553.
7, 79
What are the prime factors of 16082?
2, 11, 17, 43
List the prime factors of 1485.
3, 5, 11
List the prime factors of 1657.
1657
List the prime factors of 1199.
11, 109
List the prime factors of 1533.
3, 7, 73
List the prime factors of 1929.
3, 643
List the prime factors of 54313.
7, 7759
List the prime factors of 8033.
29, 277
What are the prime factors of 13308?
2, 3, 1109
What are the prime factors of 23036?
2, 13, 443
What are the prime factors of 830?
2, 5, 83
List the prime factors of 19701.
3, 11, 199
List the prime factors of 13400.
2, 5, 67
List the prime factors of 247.
13, 19
List the prime factors of 3770.
2, 5, 13, 29
List the prime factors of 110119.
110119
List the prime factors of 13840.
2, 5, 173
List the prime factors of 3531.
3, 11, 107
What are the prime factors of 6818?
2, 7, 487
What are the prime factors of 44304?
2, 3, 13, 71
List the prime factors of 5130.
2, 3, 5, 19
List the prime factors of 20328.
2, 3, 7, 11
List the prime factors of 14155.
5, 19, 149
List the prime factors of 14652.
2, 3, 11, 37
What are the prime factors of 206060?
2, 5, 10303
List the prime factors of 60532.
2, 37, 409
What are the prime factors of 5571?
3, 619
What are the prime factors of 3753?
3, 139
List the prime factors of 2765.
5, 7, 79
What are the prime factors of 14203?
7, 2029
What are the prime factors of 83437?
83437
What are the prime factors of 23460?
2, 3, 5, 17, 23
What are the prime factors of 4902?
2, 3, 19, 43
List the prime factors of 2475.
3, 5, 11
What are the prime factors of 20934?
2, 3, 1163
List the prime factors of 1278.
2, 3, 71
List the prime factors of 7007.
7, 11, 13
What are the prime factors of 380?
2, 5, 19
What are the prime factors of 4434?
2, 3, 739
List the prime factors of 9235.
5, 1847
What are the prime factors of 68692?
2, 13, 1321
What are the prime factors of 4868?
2, 1217
List the prime factors of 866.
2, 433
What are the prime factors of 18389?
7, 37, 71
What are the prime factors of 1876?
2, 7, 67
List the prime factors of 650.
2, 5, 13
List the prime factors of 5491.
17, 19
What are the prime factors of 2094?
2, 3, 349
What are the prime factors of 15833?
71, 223
List the prime factors of 4064.
2, 127
List the prime factors of 257.
257
List the prime factors of 4396.
2, 7, 157
What are the prime factors of 1438?
2, 719
What are the prime factors of 42296?
2, 17, 311
What are the prime factors of 5209?
5209
List the prime factors of 10482.
2, 3, 1747
What are the prime factors of 126?
2, 3, 7
List the prime factors of 209.
11, 19
List the prime factors of 32593.
11, 2963
List the prime factors of 1552.
2, 97
List the prime factors of 484.
2, 11
List the prime factors of 3831.
3, 1277
List the prime factors of 21114.
2, 3, 17, 23
What are the prime factors of 12974?
2, 13, 499
What are the prime factors of 2261?
7, 17, 19
List the prime factors of 7880.
2, 5, 197
What are the prime factors of 5424?
2, 3, 113
What are the prime factors of 3224?
2, 13, 31
What are the prime factors of 358?
2, 179
What are the prime factors of 972?
2, 3
List the prime factors of 6112.
2, 191
List the prime factors of 5906.
2, 2953
What are the prime factors of 19972?
2, 4993
What are the prime factors of 167945?
5, 33589
List the prime factors of 1077.
3, 359
List the prime factors of 15586.
2, 7793
List the prime factors of 7765.
5, 1553
What are the prime factors of 1263?
3, 421
What are the prime factors of 19038?
2, 3, 19, 167
List the prime factors of 1488.
2, 3, 31
List the prime factors of 872.
2, 109
What are the prime factors of 10930?
2, 5, 1093
List the prime factors of 526.
2, 263
List the prime factors of 1840.
2, 5, 23
List the prime factors of 1008.
2, 3, 7
List the prime factors of 73736.
2, 13, 709
What are the prime factors of 2446?
2, 1223
What are the prime factors of 9067?
9067
What are the prime factors of 12?
2, 3
What are the prime factors of 81793?
263, 311
List the prime factors of 3225.
3, 5, 43
List the prime factors of 1746.
2, 3, 97
What are the prime factors of 405?
3, 5
What are the prime factors of 1478?
2, 739
What are the prime factors of 63662?
2, 139, 229
List the prime factors of 54216.
2, 3, 251
List the prime factors of 2862.
2, 3, 53
What are the prime factors of 772?
2, 193
What are the prime factors of 1266?
2, 3, 211
List the prime factors of 4123.
7, 19, 31
List the prime factors of 964.
2, 241
List the prime factors of 1436.
2, 359
What are the prime factors of 6482?
2, 7, 463
List the prime factors of 46054.
2, 23027
What are the prime factors of 7550?
2, 5, 151
List the prime factors of 845.
5, 13
List the prime factors of 158061.
3, 19, 47, 59
List the prime factors of 2853.
3, 317
What are the prime factors of 12138?
2, 3, 7, 17
What are the prime factors of 68540?
2, 5, 23, 149
What are the prime factors of 14469?
3, 7, 13, 53
List the prime factors of 3081.
3, 13, 79
List the prime factors of 9947.
7, 29
List the prime factors of 1142.
2, 571
List the prime factors of 80550.
2, 3, 5, 179
List the prime factors of 137576.
2, 29, 593
List the prime factors of 8273.
8273
What are the prime factors of 18782?
2, 9391
What are the prime f